r of 10 and d?
10
Suppose -2*z + 1578 = -h, -8*z - 2364 = -11*z + 2*h. What is the greatest common divisor of z and 900?
36
Let a be 9 - (1 + 0/(-1)). Let f be 0 + (49 + -9)/((-16)/(-8)). What is the greatest common divisor of f and a?
4
Suppose -55*g = -60*g + 480. Suppose 0 = -17*o + 432 + 180. What is the highest common factor of o and g?
12
Let t = 40780 + -40652. Calculate the greatest common divisor of t and 6016.
128
Suppose 5 - 29 = -4*b - m, 2*m = -5*b + 30. Suppose -1442 = b*z - 3698. Calculate the highest common divisor of 47 and z.
47
Let o(k) = -16*k**2 - 4*k - 9. Suppose -3 = -3*f - 9. Let v be o(f). Let g = 75 + v. Calculate the highest common divisor of g and 90.
10
Let a = 1404 - 811. Let g = 675 - a. What is the highest common divisor of g and 738?
82
Let v = -28406 - -28546. Calculate the greatest common factor of 32480 and v.
140
Let v(w) = -11*w - 4. Let r be v(-4). Suppose 4*g - 3 = c, c + 38 = -0*g - 3*g. Let n be 4 + (4 - 11) - c. What is the highest common factor of r and n?
20
Let n be (2 + -4)*4/((-16)/6). Suppose p + p = -n*t - 2, 0 = 3*t - 3*p - 18. Suppose 0 = -t*v - 4 + 40. What is the greatest common factor of v and 6?
6
Let l = -55 + 331. Suppose 0 = -w + 4*c + 52 - 58, 5*w = 3*c + 21. Calculate the highest common divisor of w and l.
6
Suppose w - 2*x = 3244, -w = -195*x + 194*x - 3250. Calculate the greatest common factor of 12 and w.
4
Suppose -2*w - 1573*n = -1574*n - 268, -2*w + 236 = 3*n. Let d be 20*2*(-4 + 3). Let t be ((-6)/4)/(6/d). Calculate the greatest common factor of t and w.
10
Suppose 0 = k + k + 388. Let z = -138 - k. What is the highest common divisor of 98 and z?
14
Let l = 230 - 186. Suppose 4*w - 5*r = -1 + l, -2*w + r = -23. What is the highest common divisor of 27 and w?
3
Let j(s) be the third derivative of -19*s**4/12 - 23*s**3/3 + 110*s**2. Let o be j(-13). What is the greatest common divisor of o and 7?
7
Let r(z) = z**3 + 9*z**2 + 6*z - 4. Let u be r(-7). Let m = -2801 + 2814. What is the highest common divisor of m and u?
13
Suppose -9*b - 6776 = -31*b. What is the highest common factor of b and 847?
77
Let r = 29116 - 7823. Calculate the highest common factor of r and 398.
199
Let h be (8/((-80)/(-35)))/((-5)/(-230)). What is the greatest common factor of h and 92?
23
Suppose 0 = -5*g + 4*g - 3. Let y(b) = -31 - 38 - 2*b**3 + 75 - b**2 + 5*b. Let j be y(g). What is the greatest common factor of 60 and j?
12
Suppose 156855 = 1613*t + 4*t + 30729. Suppose -2*l - n + 4*n + 16 = 0, -2*l = -2*n - 14. Suppose l*o - 10 = 20. What is the highest common divisor of t and o?
6
Let x(f) = 7*f**2 - 10*f + 32. Let n be x(3). What is the greatest common factor of 1885 and n?
65
Let j(z) = -2*z + 65. Let r be j(30). Suppose -15 = -10*q + r*q, -4*b + 5*q = -65. What is the greatest common factor of 15 and b?
5
Let j be (20/(-60) + 634/12)*2. What is the greatest common factor of j and 2289?
21
Suppose 377*i - 4481860 = 3296027. What is the greatest common divisor of i and 13?
13
Suppose 233*a - 234*a = 16. Let f(j) = 2*j + 40. Let b be f(a). Calculate the greatest common divisor of 8 and b.
8
Let k(s) = s**2 + 2*s - 29. Let z be k(17). Let g(c) = c**2 - 2*c - 6. Let x be g(8). Calculate the greatest common factor of x and z.
42
Let f = 5232 - 5137. Suppose -40 = -5*g + 5*u, -3*g + 4*g = -2*u + 14. What is the highest common factor of g and f?
5
Let a(n) = 49*n + 381. Let o be a(12). Calculate the highest common factor of 57 and o.
57
Suppose -3216 = -3*j - q, -j + 434 = 2*q - 633. What is the greatest common factor of j and 203?
29
Let l = -2057 - -2322. Calculate the highest common factor of 10 and l.
5
Suppose 68 = a + 3*m, -3*m - 64 = -2*a + 63. Let j(g) = 2*g**3 - 49*g**2 + 13*g + 303. Let n be j(24). Calculate the highest common factor of a and n.
13
Let v(h) = -19*h - 1505. Let k be v(-84). What is the highest common divisor of k and 1729?
91
Let r(u) = 4*u**3 + 3*u - 1. Let w be r(1). Calculate the highest common factor of w and 534.
6
Let q = 14 - 17. Let p(m) = -13*m**3 + 5*m**2 + 4*m + 1. Let n be p(q). Suppose -u = u - 70. What is the greatest common factor of n and u?
35
Let q = 65 + -27. Let h = -21 + 26. Suppose -4*z - z - 25 = 0, h*i - z = 480. What is the highest common divisor of i and q?
19
Let x(n) = -6*n**3 + 4*n**2 - 34*n - 152. Let g be x(-4). Calculate the greatest common factor of 336 and g.
48
Let b(p) be the third derivative of p**6/120 + p**5/10 - p**4/8 - 4*p**3/3 - 10*p**2 - 3. Let n be b(-6). What is the highest common factor of n and 2?
2
Let i be (240/84)/(25/70) - -89. What is the greatest common divisor of i and 8051?
97
Let h = -71453 + 71478. Let i = 58 - 8. What is the highest common divisor of h and i?
25
Let v(n) = -n**3 + 50*n**2 - 344*n + 14. Let r be v(40). Calculate the highest common divisor of r and 92.
46
Let m(a) = -3*a**3 + 38*a**2 - 20*a - 18. Let l be m(12). Suppose 4*h - h - 2*y = 430, 570 = 4*h - 2*y. Calculate the highest common divisor of l and h.
10
Let b(n) = n**2 - 6*n - 158. Let r be b(-10). Suppose 3*h + 61 = 5*g, -g - r*g - h = -31. Calculate the greatest common divisor of 88 and g.
11
Let k(x) = 22 - x - 126 + x**2 - 2*x + 11*x. Let h be k(7). What is the highest common divisor of 23 and h?
1
Let g be (24/10 - 6/15)*1. Suppose 1275 = 5*y - 3*r, 3*y - 5*r + g*r - 771 = 0. What is the greatest common divisor of 28 and y?
28
Let m be (-4)/(-1)*(-34)/(-8). Let t = m - 6. Let a = t + 4. Calculate the greatest common factor of a and 45.
15
Let g(v) = 14*v - 362. Let z be g(26). Suppose -z + 16 = 7*k. Calculate the highest common factor of 19 and k.
1
Let b(c) = c**3 - 14*c**2 + 45*c - 410. Let v be b(13). Calculate the highest common factor of v and 618.
6
Suppose -11 = -y - 2*k - 1, -2*y - k + 8 = 0. Let x be 4 + (y - (-13)/((-13)/(-30))). Calculate the greatest common divisor of 20 and x.
4
Suppose -3*w - 6 = -k, 5*k + w + 3*w = 11. Let n be 22/3 + -7 - (-434)/k. What is the greatest common divisor of 58 and n?
29
Let h = 149 - 145. Suppose 5*s - h*c + 4 = 41, 0 = -3*c - 9. What is the highest common factor of s and 50?
5
Suppose 4*s = -8*j + 7*j + 415, 2*j + s = 802. What is the highest common factor of 5852 and j?
133
Suppose 14*v - 12*v + 2*f - 244 = 0, -2*f + 118 = v. What is the highest common divisor of v and 2898?
126
Suppose 4*l + 0*w + 3*w = -363, -4*l + 5*w - 323 = 0. Let k = l + 135. What is the greatest common divisor of k and 72?
24
Let j be -3*(0 + 1 + -2). Let s = -640 - -661. Calculate the highest common factor of j and s.
3
Let g(b) = -15 - 248*b - 199 + 234*b. Let k be g(-17). Let c = -13 + 29. Calculate the highest common factor of c and k.
8
Let k = -334 - -373. Suppose -45 = -2*f + f. Let h = f - k. Calculate the highest common divisor of h and 42.
6
Let m = -6 + 15. Suppose 1382 = -13*q + 4073. What is the highest common divisor of m and q?
9
Let p = 62 + -57. Let h be 0 + (-5)/(p/16). Let l(k) = k**3 + 16*k**2 + 5. Let j be l(h). Calculate the highest common factor of j and 75.
5
Suppose 8*n - 6*n - 3*n + 57 = 0. What is the highest common divisor of n and 6023?
19
Let w(v) = 7*v - 12. Let o be w(7). Let c = 41 - 11. Let b be (-5)/c*4 - (-557)/3. Calculate the greatest common factor of o and b.
37
Let x be -9 + 6*30/18 + (-15)/(-3). Calculate the greatest common factor of 2202 and x.
6
Suppose -j + 0*j + 65 = 0. Suppose 4*h = -81*w + 79*w + 194, -8*h = -5*w + 431. What is the greatest common factor of w and j?
13
Let m(v) = 12*v - 8*v - 69 + 0*v - 8*v - 3*v. Suppose z = -13 - 4. Let f be m(z). Calculate the greatest common factor of 450 and f.
50
Let w(d) = 4*d**2 + 3*d + 6. Let s = 36 + -31. Let i be w(s). Suppose 0 = -5*b + 44 + i. Calculate the greatest common divisor of 33 and b.
33
Suppose -7*o + 30 = -o. Let f be (-6)/4*(2 - (o + 13)). What is the highest common factor of 64 and f?
8
Let a be 8/36 - (750/(-108) - (-6)/36). What is the highest common divisor of 15001 and a?
7
Suppose -3*c - 522 = -7*c + r, 0 = -2*c + 4*r + 254. What is the highest common divisor of 26724 and c?
131
Let z = 14826 + -14802. What is the highest common divisor of 11048 and z?
8
Suppose 2*h + 98 = 5*s, -12*h - 65 = -3*s - 17*h. Calculate the greatest common divisor of s and 2180.
20
Let k be ((-125)/1)/((-137)/(-274)*2*-1). What is